{"id":1173,"date":"2026-04-06T12:58:30","date_gmt":"2026-04-06T10:58:30","guid":{"rendered":"https:\/\/ewyspiarz.info\/drony\/?page_id=1173"},"modified":"2026-04-10T13:18:29","modified_gmt":"2026-04-10T11:18:29","slug":"uslugi","status":"publish","type":"page","link":"https:\/\/ewyspiarz.info\/drony\/uslugi\/","title":{"rendered":"Us\u0142ugi"},"content":{"rendered":"<h1 data-path-to-node=\"2\">OFERTA US\u0141UG DRONEM 2026<\/h1>\n<p data-path-to-node=\"3\">Specjalizujemy si\u0119 w profesjonalnych uj\u0119ciach z powietrza, inspekcjach technicznych oraz wsparciu dla bran\u017cy nieruchomo\u015bci. Nasze operacje s\u0105 w pe\u0142ni legalne, ubezpieczone i realizowane zgodnie z nowymi wytycznymi <b data-path-to-node=\"3\" data-index-in-node=\"214\">EASA 2026.<\/b><\/p>\n<p data-path-to-node=\"3\"><img loading=\"lazy\" decoding=\"async\" class=\"aligncenter size-full wp-image-1464\" src=\"https:\/\/ewyspiarz.info\/drony\/wp-content\/uploads\/2026\/04\/Zrzut-ekranu-1.jpg\" alt=\"\" width=\"1310\" height=\"436\" srcset=\"https:\/\/ewyspiarz.info\/drony\/wp-content\/uploads\/2026\/04\/Zrzut-ekranu-1.jpg 1310w, https:\/\/ewyspiarz.info\/drony\/wp-content\/uploads\/2026\/04\/Zrzut-ekranu-1-300x100.jpg 300w, https:\/\/ewyspiarz.info\/drony\/wp-content\/uploads\/2026\/04\/Zrzut-ekranu-1-1024x341.jpg 1024w, https:\/\/ewyspiarz.info\/drony\/wp-content\/uploads\/2026\/04\/Zrzut-ekranu-1-768x256.jpg 768w\" sizes=\"auto, (max-width: 1310px) 100vw, 1310px\" \/><\/p>\n<h2><strong>\ud83d\udcf8 Fotografia i Filmowanie z Drona<\/strong><\/h2>\n<p><strong>Profesjonalne uj\u0119cia lotnicze w jako\u015bci 4K\/5K.<\/strong><\/p>\n<p><a style=\"background: #D4A857; color: #0a1a2f; padding: 10px 20px; border-radius: 6px; text-decoration: none; font-weight: 600;\" href=\"https:\/\/ewyspiarz.info\/drony\/kontakt\/\">Zam\u00f3w us\u0142ug\u0119<\/a><\/p>\n<div><\/div>\n<h2><strong>\ud83c\udfe1 Filmowanie Nieruchomo\u015bci<\/strong><\/h2>\n<p>Zdj\u0119cia i filmy prezentuj\u0105ce domy, dzia\u0142ki, obiekty komercyjne.<\/p>\n<p><a style=\"background: #D4A857; color: #0a1a2f; padding: 10px 20px; border-radius: 6px; text-decoration: none; font-weight: 600;\" href=\"https:\/\/ewyspiarz.info\/drony\/kontakt\/\">Zam\u00f3w us\u0142ug\u0119<\/a><\/p>\n<div><\/div>\n<h2><strong>\ud83c\udfd7\ufe0f Dokumentacja Budowy i Inwestycji<\/strong><\/h2>\n<p>Monitoring post\u0119pu prac, zdj\u0119cia raportowe, ortofotomapy.<\/p>\n<p><a style=\"background: #D4A857; color: #0a1a2f; padding: 10px 20px; border-radius: 6px; text-decoration: none; font-weight: 600;\" href=\"https:\/\/ewyspiarz.info\/drony\/kontakt\/\">Zam\u00f3w us\u0142ug\u0119<\/a><\/p>\n<div><\/div>\n<h2><strong>\ud83c\udf89 Filmowanie Event\u00f3w i Wydarze\u0144<\/strong><\/h2>\n<p>Uj\u0119cia z powietrza dla imprez, koncert\u00f3w, wydarze\u0144 sportowych.<\/p>\n<p><a style=\"background: #D4A857; color: #0a1a2f; padding: 10px 20px; border-radius: 6px; text-decoration: none; font-weight: 600;\" href=\"https:\/\/ewyspiarz.info\/drony\/kontakt\/\">Zam\u00f3w us\u0142ug\u0119<\/a><\/p>\n<div><\/div>\n<h2><strong>\ud83d\udd27 Inspekcje Techniczne<\/strong><\/h2>\n<p>Dachy, elewacje, kominy, instalacje \u2014 tak\u017ce trudno dost\u0119pne miejsca.<\/p>\n<p><a style=\"background: #D4A857; color: #0a1a2f; padding: 10px 20px; border-radius: 6px; text-decoration: none; font-weight: 600;\" href=\"https:\/\/ewyspiarz.info\/drony\/kontakt\/\">Zam\u00f3w us\u0142ug\u0119<\/a><\/p>\n","protected":false},"excerpt":{"rendered":"<p>OFERTA US\u0141UG DRONEM 2026 Specjalizujemy si\u0119 w profesjonalnych uj\u0119ciach z powietrza, inspekcjach technicznych oraz wsparciu dla bran\u017cy nieruchomo\u015bci. Nasze operacje s\u0105 w pe\u0142ni legalne, ubezpieczone i realizowane zgodnie z nowymi wytycznymi EASA 2026. \ud83d\udcf8 Fotografia i Filmowanie z Drona Profesjonalne uj\u0119cia lotnicze w jako\u015bci 4K\/5K. Zam\u00f3w us\u0142ug\u0119 \ud83c\udfe1 Filmowanie Nieruchomo\u015bci Zdj\u0119cia i filmy prezentuj\u0105ce domy,&hellip; <br \/> <a class=\"read-more\" href=\"https:\/\/ewyspiarz.info\/drony\/uslugi\/\">Dowiedz si\u0119 wi\u0119cej<\/a><\/p>\n","protected":false},"author":1,"featured_media":732,"parent":0,"menu_order":0,"comment_status":"closed","ping_status":"closed","template":"","meta":{"footnotes":""},"class_list":["post-1173","page","type-page","status-publish","has-post-thumbnail","hentry"],"yoast_head":"<!-- This site is optimized with the Yoast SEO plugin v27.3 - https:\/\/yoast.com\/product\/yoast-seo-wordpress\/ -->\n<title>Us\u0142ugi - Us\u0142ugi dronem<\/title>\n<meta name=\"robots\" content=\"index, follow, max-snippet:-1, max-image-preview:large, max-video-preview:-1\" \/>\n<link rel=\"canonical\" href=\"https:\/\/ewyspiarz.info\/drony\/uslugi\/\" \/>\n<meta property=\"og:locale\" content=\"pl_PL\" \/>\n<meta property=\"og:type\" content=\"article\" \/>\n<meta property=\"og:title\" content=\"Us\u0142ugi - Us\u0142ugi dronem\" \/>\n<meta property=\"og:description\" content=\"OFERTA US\u0141UG DRONEM 2026 Specjalizujemy si\u0119 w profesjonalnych uj\u0119ciach z powietrza, inspekcjach technicznych oraz wsparciu dla bran\u017cy nieruchomo\u015bci. Nasze operacje s\u0105 w pe\u0142ni legalne, ubezpieczone i realizowane zgodnie z nowymi wytycznymi EASA 2026. \ud83d\udcf8 Fotografia i Filmowanie z Drona Profesjonalne uj\u0119cia lotnicze w jako\u015bci 4K\/5K. Zam\u00f3w us\u0142ug\u0119 \ud83c\udfe1 Filmowanie Nieruchomo\u015bci Zdj\u0119cia i filmy prezentuj\u0105ce domy,&hellip; Dowiedz si\u0119 wi\u0119cej\" \/>\n<meta property=\"og:url\" content=\"https:\/\/ewyspiarz.info\/drony\/uslugi\/\" \/>\n<meta property=\"og:site_name\" content=\"Us\u0142ugi dronem\" \/>\n<meta property=\"article:modified_time\" content=\"2026-04-10T11:18:29+00:00\" \/>\n<meta property=\"og:image\" content=\"https:\/\/ewyspiarz.info\/drony\/wp-content\/uploads\/2026\/02\/Bez-nazwy-1.png\" \/>\n\t<meta property=\"og:image:width\" content=\"1422\" \/>\n\t<meta property=\"og:image:height\" content=\"738\" \/>\n\t<meta property=\"og:image:type\" content=\"image\/png\" \/>\n<meta name=\"twitter:card\" content=\"summary_large_image\" \/>\n<meta name=\"twitter:label1\" content=\"Szacowany czas czytania\" \/>\n\t<meta name=\"twitter:data1\" content=\"2 minuty\" \/>\n<script type=\"application\/ld+json\" class=\"yoast-schema-graph\">{\"@context\":\"https:\\\/\\\/schema.org\",\"@graph\":[{\"@type\":\"WebPage\",\"@id\":\"https:\\\/\\\/ewyspiarz.info\\\/drony\\\/uslugi\\\/\",\"url\":\"https:\\\/\\\/ewyspiarz.info\\\/drony\\\/uslugi\\\/\",\"name\":\"Us\u0142ugi - Us\u0142ugi dronem\",\"isPartOf\":{\"@id\":\"https:\\\/\\\/ewyspiarz.info\\\/drony\\\/#website\"},\"primaryImageOfPage\":{\"@id\":\"https:\\\/\\\/ewyspiarz.info\\\/drony\\\/uslugi\\\/#primaryimage\"},\"image\":{\"@id\":\"https:\\\/\\\/ewyspiarz.info\\\/drony\\\/uslugi\\\/#primaryimage\"},\"thumbnailUrl\":\"https:\\\/\\\/ewyspiarz.info\\\/drony\\\/wp-content\\\/uploads\\\/2026\\\/02\\\/Bez-nazwy-1.png\",\"datePublished\":\"2026-04-06T10:58:30+00:00\",\"dateModified\":\"2026-04-10T11:18:29+00:00\",\"breadcrumb\":{\"@id\":\"https:\\\/\\\/ewyspiarz.info\\\/drony\\\/uslugi\\\/#breadcrumb\"},\"inLanguage\":\"pl-PL\",\"potentialAction\":[{\"@type\":\"ReadAction\",\"target\":[\"https:\\\/\\\/ewyspiarz.info\\\/drony\\\/uslugi\\\/\"]}]},{\"@type\":\"ImageObject\",\"inLanguage\":\"pl-PL\",\"@id\":\"https:\\\/\\\/ewyspiarz.info\\\/drony\\\/uslugi\\\/#primaryimage\",\"url\":\"https:\\\/\\\/ewyspiarz.info\\\/drony\\\/wp-content\\\/uploads\\\/2026\\\/02\\\/Bez-nazwy-1.png\",\"contentUrl\":\"https:\\\/\\\/ewyspiarz.info\\\/drony\\\/wp-content\\\/uploads\\\/2026\\\/02\\\/Bez-nazwy-1.png\",\"width\":1422,\"height\":738},{\"@type\":\"BreadcrumbList\",\"@id\":\"https:\\\/\\\/ewyspiarz.info\\\/drony\\\/uslugi\\\/#breadcrumb\",\"itemListElement\":[{\"@type\":\"ListItem\",\"position\":1,\"name\":\"Strona g\u0142\u00f3wna\",\"item\":\"https:\\\/\\\/ewyspiarz.info\\\/drony\\\/\"},{\"@type\":\"ListItem\",\"position\":2,\"name\":\"Us\u0142ugi\"}]},{\"@type\":\"WebSite\",\"@id\":\"https:\\\/\\\/ewyspiarz.info\\\/drony\\\/#website\",\"url\":\"https:\\\/\\\/ewyspiarz.info\\\/drony\\\/\",\"name\":\"Us\u0142ugi dronem\",\"description\":\"\",\"publisher\":{\"@id\":\"https:\\\/\\\/ewyspiarz.info\\\/drony\\\/#\\\/schema\\\/person\\\/5a473929a44d6b455b0138150d5b8c43\"},\"potentialAction\":[{\"@type\":\"SearchAction\",\"target\":{\"@type\":\"EntryPoint\",\"urlTemplate\":\"https:\\\/\\\/ewyspiarz.info\\\/drony\\\/?s={search_term_string}\"},\"query-input\":{\"@type\":\"PropertyValueSpecification\",\"valueRequired\":true,\"valueName\":\"search_term_string\"}}],\"inLanguage\":\"pl-PL\"},{\"@type\":[\"Person\",\"Organization\"],\"@id\":\"https:\\\/\\\/ewyspiarz.info\\\/drony\\\/#\\\/schema\\\/person\\\/5a473929a44d6b455b0138150d5b8c43\",\"name\":\"dronomaniak\",\"image\":{\"@type\":\"ImageObject\",\"inLanguage\":\"pl-PL\",\"@id\":\"https:\\\/\\\/ewyspiarz.info\\\/drony\\\/wp-content\\\/uploads\\\/2026\\\/04\\\/logo.png\",\"url\":\"https:\\\/\\\/ewyspiarz.info\\\/drony\\\/wp-content\\\/uploads\\\/2026\\\/04\\\/logo.png\",\"contentUrl\":\"https:\\\/\\\/ewyspiarz.info\\\/drony\\\/wp-content\\\/uploads\\\/2026\\\/04\\\/logo.png\",\"width\":2528,\"height\":400,\"caption\":\"dronomaniak\"},\"logo\":{\"@id\":\"https:\\\/\\\/ewyspiarz.info\\\/drony\\\/wp-content\\\/uploads\\\/2026\\\/04\\\/logo.png\"},\"sameAs\":[\"https:\\\/\\\/ewyspiarz.info\\\/drony\"]}]}<\/script>\n<!-- \/ Yoast SEO plugin. -->","yoast_head_json":{"title":"Us\u0142ugi - Us\u0142ugi dronem","robots":{"index":"index","follow":"follow","max-snippet":"max-snippet:-1","max-image-preview":"max-image-preview:large","max-video-preview":"max-video-preview:-1"},"canonical":"https:\/\/ewyspiarz.info\/drony\/uslugi\/","og_locale":"pl_PL","og_type":"article","og_title":"Us\u0142ugi - Us\u0142ugi dronem","og_description":"OFERTA US\u0141UG DRONEM 2026 Specjalizujemy si\u0119 w profesjonalnych uj\u0119ciach z powietrza, inspekcjach technicznych oraz wsparciu dla bran\u017cy nieruchomo\u015bci. Nasze operacje s\u0105 w pe\u0142ni legalne, ubezpieczone i realizowane zgodnie z nowymi wytycznymi EASA 2026. \ud83d\udcf8 Fotografia i Filmowanie z Drona Profesjonalne uj\u0119cia lotnicze w jako\u015bci 4K\/5K. Zam\u00f3w us\u0142ug\u0119 \ud83c\udfe1 Filmowanie Nieruchomo\u015bci Zdj\u0119cia i filmy prezentuj\u0105ce domy,&hellip; Dowiedz si\u0119 wi\u0119cej","og_url":"https:\/\/ewyspiarz.info\/drony\/uslugi\/","og_site_name":"Us\u0142ugi dronem","article_modified_time":"2026-04-10T11:18:29+00:00","og_image":[{"width":1422,"height":738,"url":"https:\/\/ewyspiarz.info\/drony\/wp-content\/uploads\/2026\/02\/Bez-nazwy-1.png","type":"image\/png"}],"twitter_card":"summary_large_image","twitter_misc":{"Szacowany czas czytania":"2 minuty"},"schema":{"@context":"https:\/\/schema.org","@graph":[{"@type":"WebPage","@id":"https:\/\/ewyspiarz.info\/drony\/uslugi\/","url":"https:\/\/ewyspiarz.info\/drony\/uslugi\/","name":"Us\u0142ugi - Us\u0142ugi dronem","isPartOf":{"@id":"https:\/\/ewyspiarz.info\/drony\/#website"},"primaryImageOfPage":{"@id":"https:\/\/ewyspiarz.info\/drony\/uslugi\/#primaryimage"},"image":{"@id":"https:\/\/ewyspiarz.info\/drony\/uslugi\/#primaryimage"},"thumbnailUrl":"https:\/\/ewyspiarz.info\/drony\/wp-content\/uploads\/2026\/02\/Bez-nazwy-1.png","datePublished":"2026-04-06T10:58:30+00:00","dateModified":"2026-04-10T11:18:29+00:00","breadcrumb":{"@id":"https:\/\/ewyspiarz.info\/drony\/uslugi\/#breadcrumb"},"inLanguage":"pl-PL","potentialAction":[{"@type":"ReadAction","target":["https:\/\/ewyspiarz.info\/drony\/uslugi\/"]}]},{"@type":"ImageObject","inLanguage":"pl-PL","@id":"https:\/\/ewyspiarz.info\/drony\/uslugi\/#primaryimage","url":"https:\/\/ewyspiarz.info\/drony\/wp-content\/uploads\/2026\/02\/Bez-nazwy-1.png","contentUrl":"https:\/\/ewyspiarz.info\/drony\/wp-content\/uploads\/2026\/02\/Bez-nazwy-1.png","width":1422,"height":738},{"@type":"BreadcrumbList","@id":"https:\/\/ewyspiarz.info\/drony\/uslugi\/#breadcrumb","itemListElement":[{"@type":"ListItem","position":1,"name":"Strona g\u0142\u00f3wna","item":"https:\/\/ewyspiarz.info\/drony\/"},{"@type":"ListItem","position":2,"name":"Us\u0142ugi"}]},{"@type":"WebSite","@id":"https:\/\/ewyspiarz.info\/drony\/#website","url":"https:\/\/ewyspiarz.info\/drony\/","name":"Us\u0142ugi dronem","description":"","publisher":{"@id":"https:\/\/ewyspiarz.info\/drony\/#\/schema\/person\/5a473929a44d6b455b0138150d5b8c43"},"potentialAction":[{"@type":"SearchAction","target":{"@type":"EntryPoint","urlTemplate":"https:\/\/ewyspiarz.info\/drony\/?s={search_term_string}"},"query-input":{"@type":"PropertyValueSpecification","valueRequired":true,"valueName":"search_term_string"}}],"inLanguage":"pl-PL"},{"@type":["Person","Organization"],"@id":"https:\/\/ewyspiarz.info\/drony\/#\/schema\/person\/5a473929a44d6b455b0138150d5b8c43","name":"dronomaniak","image":{"@type":"ImageObject","inLanguage":"pl-PL","@id":"https:\/\/ewyspiarz.info\/drony\/wp-content\/uploads\/2026\/04\/logo.png","url":"https:\/\/ewyspiarz.info\/drony\/wp-content\/uploads\/2026\/04\/logo.png","contentUrl":"https:\/\/ewyspiarz.info\/drony\/wp-content\/uploads\/2026\/04\/logo.png","width":2528,"height":400,"caption":"dronomaniak"},"logo":{"@id":"https:\/\/ewyspiarz.info\/drony\/wp-content\/uploads\/2026\/04\/logo.png"},"sameAs":["https:\/\/ewyspiarz.info\/drony"]}]}},"_links":{"self":[{"href":"https:\/\/ewyspiarz.info\/drony\/wp-json\/wp\/v2\/pages\/1173","targetHints":{"allow":["GET"]}}],"collection":[{"href":"https:\/\/ewyspiarz.info\/drony\/wp-json\/wp\/v2\/pages"}],"about":[{"href":"https:\/\/ewyspiarz.info\/drony\/wp-json\/wp\/v2\/types\/page"}],"author":[{"embeddable":true,"href":"https:\/\/ewyspiarz.info\/drony\/wp-json\/wp\/v2\/users\/1"}],"replies":[{"embeddable":true,"href":"https:\/\/ewyspiarz.info\/drony\/wp-json\/wp\/v2\/comments?post=1173"}],"version-history":[{"count":6,"href":"https:\/\/ewyspiarz.info\/drony\/wp-json\/wp\/v2\/pages\/1173\/revisions"}],"predecessor-version":[{"id":1465,"href":"https:\/\/ewyspiarz.info\/drony\/wp-json\/wp\/v2\/pages\/1173\/revisions\/1465"}],"wp:featuredmedia":[{"embeddable":true,"href":"https:\/\/ewyspiarz.info\/drony\/wp-json\/wp\/v2\/media\/732"}],"wp:attachment":[{"href":"https:\/\/ewyspiarz.info\/drony\/wp-json\/wp\/v2\/media?parent=1173"}],"curies":[{"name":"wp","href":"https:\/\/api.w.org\/{rel}","templated":true}]}}