{"id":3830,"date":"2025-12-04T14:21:19","date_gmt":"2025-12-04T14:21:19","guid":{"rendered":"https:\/\/host124752.xce.pl\/wyspa\/?page_id=3607"},"modified":"2025-12-04T14:21:19","modified_gmt":"2025-12-04T14:21:19","slug":"kamery-w-swinoujsciu","status":"publish","type":"page","link":"https:\/\/ewyspiarz.info\/ogloszenia\/kamery-w-swinoujsciu\/","title":{"rendered":"Kamery w \u015awinouj\u015bciu"},"content":{"rendered":"<table style=\"border-collapse: collapse; width: 100%;\">\n<tbody>\n<tr>\n<td style=\"width: 100%;\">Kamery pozwalaj\u0105 ogl\u0105da\u0107 na \u017cywo obraz przy pomocy kamer zainstalowanych na latarni morskiej, na obiekcie nale\u017c\u0105cym do terminalu promowego, na mo\u015bcie prowadz\u0105cym na wysp\u0119 oraz na nowo wybudowanej przystani. w \u015awinouj\u015bciu<\/td>\n<\/tr>\n<\/tbody>\n<\/table>\n<table style=\"border-collapse: collapse; width: 100%;\">\n<tbody>\n<tr>\n<td style=\"width: 50%;\">\n<h3 class=\"wp-block-heading\">LATARNIA MORSKA<\/h3>\n<h3 class=\"wp-block-heading\">TUNEL DO CENTRUM<\/h3>\n<h3 class=\"wp-block-heading\">KARSIB\u00d3R MOST<\/h3>\n<h3 class=\"wp-block-heading\">PRZYSTA\u0143 OSIEDLA PRZYT\u00d3R<\/h3>\n<\/td>\n<td style=\"width: 50%;\"><a href=\"https:\/\/calanaprzod.com\/kamery\/\"><img loading=\"lazy\" decoding=\"async\" class=\"size-full wp-image-3608 aligncenter\" src=\"https:\/\/ewyspiarz.info\/ogloszenia\/wp-content\/uploads\/2025\/07\/a1-4-2-mp4-image-1.jpgwp-content\/uploads\/2025\/12\/plaza_1.png\" alt=\"\" width=\"250\" height=\"250\" \/><\/a><\/td>\n<\/tr>\n<\/tbody>\n<\/table>\n<p><a href=\"https:\/\/calanaprzod.com\/kamery\/\"><img loading=\"lazy\" decoding=\"async\" src=\"https:\/\/ewyspiarz.info\/ogloszenia\/wp-content\/uploads\/2025\/07\/a1-4-2-mp4-image-1.jpgwp-content\/uploads\/2025\/12\/kamery.jpg\" alt=\"\" width=\"1000\" height=\"80\" class=\"aligncenter size-full wp-image-3612\" \/><\/a><\/p>\n","protected":false},"excerpt":{"rendered":"<p>Kamery pozwalaj\u0105 ogl\u0105da\u0107 na \u017cywo obraz przy pomocy kamer zainstalowanych na latarni morskiej, na obiekcie nale\u017c\u0105cym do terminalu promowego, na mo\u015bcie prowadz\u0105cym na wysp\u0119 oraz na nowo wybudowanej przystani. w \u015awinouj\u015bciu LATARNIA MORSKA TUNEL DO CENTRUM KARSIB\u00d3R MOST PRZYSTA\u0143 OSIEDLA PRZYT\u00d3R<\/p>\n","protected":false},"author":1,"featured_media":0,"parent":0,"menu_order":0,"comment_status":"closed","ping_status":"closed","template":"","meta":{"footnotes":""},"class_list":["post-3830","page","type-page","status-publish","hentry"],"_links":{"self":[{"href":"https:\/\/ewyspiarz.info\/ogloszenia\/wp-json\/wp\/v2\/pages\/3830","targetHints":{"allow":["GET"]}}],"collection":[{"href":"https:\/\/ewyspiarz.info\/ogloszenia\/wp-json\/wp\/v2\/pages"}],"about":[{"href":"https:\/\/ewyspiarz.info\/ogloszenia\/wp-json\/wp\/v2\/types\/page"}],"author":[{"embeddable":true,"href":"https:\/\/ewyspiarz.info\/ogloszenia\/wp-json\/wp\/v2\/users\/1"}],"replies":[{"embeddable":true,"href":"https:\/\/ewyspiarz.info\/ogloszenia\/wp-json\/wp\/v2\/comments?post=3830"}],"version-history":[{"count":0,"href":"https:\/\/ewyspiarz.info\/ogloszenia\/wp-json\/wp\/v2\/pages\/3830\/revisions"}],"wp:attachment":[{"href":"https:\/\/ewyspiarz.info\/ogloszenia\/wp-json\/wp\/v2\/media?parent=3830"}],"curies":[{"name":"wp","href":"https:\/\/api.w.org\/{rel}","templated":true}]}}